alculate s(-105).
-10
Let l(s) = 14*s**3 + 8*s**2 + 2*s. Determine l(-3).
-312
Let k(t) = -2*t**2 + 4*t + 13. Give k(-3).
-17
Let s(v) = -301*v - 25889. Determine s(-86).
-3
Let m(h) = 4389*h + 17577. Determine m(-4).
21
Let f(a) = -a**3 + 10*a**2 + 100*a + 105. Calculate f(-9).
744
Let m(g) = -g**3 + 18*g**2 - 58*g - 11. Determine m(14).
-39
Let m(a) = -5*a**2 - 64*a - 127. What is m(-2)?
-19
Let i(j) = 14*j**2 + 4*j - 9. Calculate i(5).
361
Let j(m) = m**2 - 15*m - 9. What is j(15)?
-9
Let p(n) = -7*n**3 + 4*n**2 - 4*n - 16. Give p(-2).
64
Let j(p) = p**2 + 1224*p - 19893. What is j(16)?
-53
Let c(m) = m**2 - 2181*m. Determine c(0).
0
Let s(q) = -65*q - 699. Determine s(-12).
81
Let k(i) = 20*i**2 - 7560*i + 2. Determine k(378).
2
Let w(d) = -d**2 - 84*d - 267. Determine w(-79).
128
Let x(g) = 5443*g + 32653. Calculate x(-6).
-5
Let u(k) = -4*k**2 + 161*k + 45. Give u(38).
387
Let o(s) = -261*s - 2240. What is o(-9)?
109
Let t(l) = 2*l**2 - 39*l - 164. Calculate t(24).
52
Let w(t) = -t**3 - 6*t**2 - 10*t - 108. What is w(-7)?
11
Let t(f) = 368*f + 536. What is t(-2)?
-200
Let s(d) = -2*d**3 - 8*d**2 + 13*d + 11. Determine s(2).
-11
Let n(h) = -11*h**3 - 75*h**2 + 66*h + 373. What is n(-7)?
9
Let q(v) = -2*v**3 - 49*v**2 + 131*v - 39. Give q(-27).
69
Let t(m) = 12*m - 144. Determine t(6).
-72
Let b(g) = -7*g**2 + 624*g - 4033. What is b(7)?
-8
Let g(q) = -q**3 + 48*q**2 + 159*q - 291. Give g(51).
15
Let q(h) = h**2 + 128*h + 1258. Give q(-117).
-29
Let f(x) = -4*x + 160. Determine f(23).
68
Let y(k) = 5*k**2 + 55*k - 7. Give y(-12).
53
Let s(q) = 5656*q + 28218. Determine s(-5).
-62
Let q(h) = 9*h**2 + 15*h + 3. Give q(-3).
39
Let v(u) = -4*u**2 - 14*u + 41. Determine v(2).
-3
Let u(a) = a**3 - 21*a**2 + 101*a + 29. What is u(8)?
5
Let y(i) = 6*i**3 + i**2 + 4*i - 7. Calculate y(2).
53
Let a(h) = h**3 + 20*h**2 + 8*h + 5. Calculate a(-20).
-155
Let x(k) = 47*k - 964. Give x(24).
164
Let h(j) = -80*j + 525. Give h(8).
-115
Let s(c) = -c**3 + 3*c**2 + 61*c + 116. Determine s(10).
26
Let b(f) = 50*f + 8702. Give b(-174).
2
Let m(z) = 2*z**3 + 97*z**2 + 968*z + 23. Calculate m(-14).
-5
Let o(t) = 14032*t - 14025. Give o(1).
7
Let d(h) = -4*h**2 + 16*h - 1. What is d(4)?
-1
Let n(q) = 9*q**3 - 24*q**2 - 3*q. Determine n(3).
18
Let g(h) = -h**3 + 16*h**2 + 11*h + 87. Determine g(17).
-15
Let p(s) = -37*s**2 + 13*s + 30. Give p(-2).
-144
Let j(d) = -6*d**2 - 222*d - 208. Give j(-36).
8
Let c(t) = -t**2 + 77*t - 1447. Determine c(37).
33
Let z(o) = -3*o**2 + 144*o + 149. What is z(49)?
2
Let v(b) = -2930*b - 29317. Calculate v(-10).
-17
Let k(h) = 75*h - 402. Calculate k(6).
48
Let u(o) = -o**2 + 333*o - 8822. Give u(304).
-6
Let p(m) = -2*m**2 - 80*m - 765. What is p(-25)?
-15
Let w(u) = -28*u - 216. What is w(-7)?
-20
Let q(d) = -94*d**2 + 5*d + 6. Calculate q(-1).
-93
Let u(z) = -5*z + 402. What is u(82)?
-8
Let u(a) = -3*a**3 + 513*a**2 + 3*a - 507. What is u(171)?
6
Let a(c) = -67*c + 93. What is a(1)?
26
Let u(o) = 17*o + 816. Calculate u(-12).
612
Let c(w) = -218*w + 2606. Calculate c(12).
-10
Let k(s) = -7*s**2 + 529*s + 142. Give k(76).
-86
Let d(y) = -86*y - 33. Determine d(1).
-119
Let o(i) = -2630*i + 10530. What is o(4)?
10
Let g(b) = -40*b**2 + 10*b - 15. Calculate g(2).
-155
Let c(b) = -b + 692. What is c(-12)?
704
Let f(x) = 2*x**3 + 7*x**2 - 4*x - 9. Calculate f(-6).
-165
Let b(j) = j + 137. What is b(42)?
179
Let h(y) = 343*y - 671. What is h(2)?
15
Let k(v) = -5*v**3 + 7*v**2 - 23*v + 18. Calculate k(1).
-3
Let c(k) = -k**3 - 138*k**2 - 215*k - 10689. Calculate c(-137).
-3
Let u(c) = -c**3 - 53*c**2. Give u(-53).
0
Let c(i) = 4*i**2 - 23*i + 24. Give c(1).
5
Let g(r) = -4*r - 6. What is g(6)?
-30
Let s(u) = -6*u - 158. Determine s(-23).
-20
Let k(r) = -r**2 - 5*r + 33. Give k(-7).
19
Let l(x) = -6*x**2 - 7*x + 52. Give l(5).
-133
Let x(v) = -10*v**2 + 720*v - 6. Give x(72).
-6
Let s(b) = -2*b**3 + 241*b**2 + 143*b - 2661. Calculate s(121).
1
Let d(n) = -n**2 + 20*n - 4. What is d(19)?
15
Let m(k) = k - 65. What is m(46)?
-19
Let h(k) = 8*k**2 - 6*k - 5. Determine h(4).
99
Let j(f) = -4*f**3 - 48*f**2 + 44*f - 85. Calculate j(-13).
19
Let p(b) = 9*b**2 + 131*b - 376. What is p(-17)?
-2
Let t(x) = 4*x**3 + x**2 - 8*x + 4. What is t(2)?
24
Let m(b) = -b**3 + 6*b**2 + 3*b - 8. What is m(6)?
10
Let s(w) = -13*w + 232. Determine s(20).
-28
Let b(h) = h**3 - 50*h**2 + 56*h - 110. Give b(49).
233
Let l(m) = -m**2 + 507*m - 62794. What is l(215)?
-14
Let g(j) = -j**3 - 19*j**2 - 78*j + 18. Give g(-13).
18
Let k(l) = l**3 + 6*l**2 - 388*l + 52. Determine k(-23).
-17
Let b(g) = -11*g**3 + 41*g**2 - 40*g. What is b(1)?
-10
Let l(w) = w**2 - 859*w - 4309. Determine l(-5).
11
Let z(s) = -s**2 - 32*s - 186. What is z(-8)?
6
Let p(r) = -366*r**2 - 3*r. Give p(-1).
-363
Let w(j) = -4*j**2 - 55*j + 165. Give w(-15).
90
Let i(o) = o**2 - 181*o + 3359. Calculate i(21).
-1
Let n(m) = m**2 + 74*m + 410. Determine n(-68).
2
Let m(x) = 16395*x - 32784. Give m(2).
6
Let a(g) = 3*g**3 - 3*g**2 - 162*g + 490. Calculate a(3).
58
Let g(f) = 86*f - 1884. Give g(22).
8
Let y(r) = 70*r - 358. Calculate y(5).
-8
Let g(d) = -10*d - 140. What is g(-26)?
120
Let s(a) = -133*a + 26. Give s(2).
-240
Let v(a) = -241*a + 234. Give v(1).
-7
Let b(g) = -2*g**2 + 24*g - 218. Determine b(14).
-274
Let i(a) = -12*a**3 - a**2 + 2*a. Calculate i(2).
-96
Let v(r) = -r**3 + 11*r**2 + 10*r - 111. Give v(11).
-1
Let d(v) = v**3 - 13*v**2 + 26*v - 42. What is d(11)?
2
Let p(b) = -2*b**3 + 13*b**2 + 3*b + 13. Calculate p(9).
-365
Let z(k) = -k**2 - 23*k + 2121. Determine z(-59).
-3
Let j(o) = 5*o**2 - 508*o - 1546. Determine j(-3).
23
Let g(z) = 2*z**2 - 11*z - 211. Determine g(12).
-55
Let h(m) = m**2 + 9*m - 40. Calculate h(-14).
30
Let c(u) = u**3 - 6*u**2 - 41*u + 25. Give c(9).
-101
Let z(c) = -24*c**2 - 109*c + 651. Determine z(6).
-867
Let q(p) = p**3 - 22*p**2 + 18*p + 942. Determine q(18).
-30
Let p(w) = 2*w**2 - 32*w + 46. Determine p(19).
160
Let x(g) = -67*g - 168. What is x(-2)?
-34
Let k(w) = -w**2 + 103*w + 72. Determine k(0).
72
Let f(q) = -2*q**3 + 107*q**2 - 139*q - 110. Give f(52).
774
Let h(x) = -x**3 - 2*x**2 + 49*x + 1. Determine h(6).
7
Let s(l) = 145*l - 1754. Determine s(12).
-14
Let h(a) = a**3 - 37*a**2 + 252*a + 29. Calculate h(9).
29
Let z(c) = -2*c**3 + c**2 - 481*c - 10. Determine z(0).
-10
Let u(d) = d**2 + 283*d + 2468. Give u(-9).
2
Let w(a) = -2*a**2 - 45*a - 670. Give w(-12).
-418
Let w(i) = -i**2 - 159*i - 1612. Determine w(-11).
16
Let l(b) = -290*b + 2991. What is l(10)?
91
Let i(a) = 25*a + 267. What is i(-9)?
42
Let v(d) = -278*d**3 - 2225*d**2 - 9*d - 7. Determine v(-8).
1
Let t(g) = -g**3 - 24*g**2 + 32*g - 35. Determine t(-25).
-210
Let r(v) = 10*v**2 + 8*v + 12. Calculate r(-2).
36
Let g(m) = m**2 - 349*m + 5012. Calculate g(15).
2
Let j(v) = -95*v - 1112. Determine j(-7).
-447
Let n(f) = 402*f - 1217. Give n(3).
-11
Let r(g) = 15*g**2 + 179*g + 163. Calculate r(-11).
9
Let s(y) = 2*y**3 + 13*y**2 + 4. Give s(-9).
-401
Let i(r) = -r**3 + 244*r**2 - 2*r + 468. Determine i(244).
-20
Let j(y) = 219*y - 2623. Determine j(12).
5
Let m(q) = 3*q**2 - 289*q + 289. What is m(1)?
3
Let d(q) = q**2 - 42*q + 117. Determine d(39).
0
Let h(c) = -c**3 + 3*c**2 + 18*c + 62. What is h(10)?
-458
Let d(u) = -u**3 - 48*u**2 - 318*u + 108. Give d(-40).
28
Let j(s) = -s**2 + 409*s - 35346. Give j(124).
-6
Let q(u) = -u**3 + 12*u**2 + 5*u + 8. Determine q(7).
288
Let g(j) = -25*j**2 - 325*j + 10. Calculate g(-13).
10
Let h(z) = 112*z + 1550. Give h(-14).
-18
Let n(b) = -4*b**3 + 3*b**2 + 2*b. Give n(-1).
5
Let h(y) = y**3 - 78*y**2 + 225*y - 19. Determine h(75).
-19
Let c(x) = -2*x**2 - 2763*x - 46396. Calculate c(-17).
-3
Let z(t) = 2*t - 24. What is z(8)?
-8
Let c(n) = -125*n - 843. Calculate c(-7).
32
Let h(k) = k**3 - 64*k**2 + 53*k + 665. Give h(63).
35
Let b(t) = 38*t + 75. Determine b(0).
75
Let c(t) = t**2 + 156*t - 1654. Give c(10).
6
Let y(i) = i**3 + 9*i**2 - 18*i - 183. Calculate y(-8).
25
Let b(v) = -2*v**3 - 11*v**2 + 128*v + 57. What is b(6)?
-3
Let l(p) = -3*p**2 - 30*p + 252. What is l(7)?
-105
Let m(j) = -3*j**2 - 2*j + 33. Determine m(10).
-287
Let g(f) = 10*f**3 - 4*f**2 + 13*f - 9. What is g(1)?
10
Let t(c) = -86*c + 10922. Calculate t(